{"id":2,"date":"2016-01-29T14:05:26","date_gmt":"2016-01-29T13:05:26","guid":{"rendered":"http:\/\/mikanews.net\/rc\/?page_id=2"},"modified":"2019-11-30T02:09:09","modified_gmt":"2019-11-30T01:09:09","slug":"impressum","status":"publish","type":"page","link":"http:\/\/mikanews.net\/?page_id=2","title":{"rendered":"Impressum"},"content":{"rendered":"<h2>Impressum<\/h2>\n<p>Michael Klaus<br \/>\nKlettenberger Strasse 38 A<br \/>\n12524 Berlin<\/p>\n<p>Mobil: 0176-22055493<br \/>\nIdNr: 56 883 179 424<\/p>\n<p>Email: info@mikanews.de<\/p>\n<p>Verantwortlich f\u00fcr den Inhalt dieser Webseite (gem. \u00a7 6 TDG): Michael Klaus, Fotografie (Portrait, Kinder-, Bewerbungsfotos), Erstellung von Webseiten<\/p>\n<p>Urheberrecht\/Copyright:<\/p>\n<p>Das Copyright aller Fotos und Texte auf dieser Website liegen beim jeweiligen Autor \/ Eigent\u00fcmer, wenn nicht anders angegeben bei Michael Klaus.<\/p>\n<p>Die kommerzielle Verwendung von Fotos oder Texten nur mit meiner ausdr\u00fccklichen Genehmigung m\u00f6glich.<\/p>\n<p>Alle Rechte vorbehalten. Die Verwendung von Bildern oder Texten ist nur nach schriftlicher Genehmigung erlaubt.<\/p>\n<p>Meine Webseiten enthalten teilweise Links zu externen Webseiten Dritter, f\u00fcr die ich keinerlei Haftung \u00fcbernehme.<\/p>\n<p>F\u00fcr den Inhalt verlinkter Seiten sind ausschlie\u00dflich deren Betreiber verantwortlich. Die Daten und Inhalte auf diesen Seiten k\u00f6nnen sich inzwischen ge\u00e4ndert haben. Eine Garantie oder Haftung auf Richtigkeit, Vollst\u00e4ndigkeit und Aktualit\u00e4t der zur Verf\u00fcgung gestellten Informationen kann daher nicht \u00fcbernommen werden. Dies gilt gleichwohl f\u00fcr allen anderen Webseiten, auf die mittels Hyperlink weiter verwiesen wird. F\u00fcr deren Inhalt, die aufgrund einer weiteren Verlinkung \/ Verbindung erreicht werden, sind wir nicht verantwortlich.<\/p>\n<p>Ich akzeptiere keine Abmahnung ohne das mit mir in Kontakt getreten worden ist! Wurden Rechte Dritter oder gesetzliche Bestimmungen durch den Inhalt und\/oder Aufmachung dieser Seiten verletzt wurden, nehmen Sie mit mir Kontakt auf. Senden Sie mir eine Nachricht ohne Kostennote. Ich werde die entsprechenden Inhalte, Passagen oder \u00e4hnliches schnellstm\u00f6glich entfernen, ohne das von Ihrer Seite die Einschaltung eines Rechtsbeistandes erforderlich ist. Bitte diese Bestimmung beachten, da ohne Nachricht von Ihnen ihre erbetenen Kosten zur\u00fcckgewiesen werden und wegen der Verletzung dieser Bedingungen gegebenenfalls Gegenklage erhoben wird.<\/p>\n<p>\u00a9 Michael Klaus 2016<\/p>\n","protected":false},"excerpt":{"rendered":"<p>Impressum Michael Klaus Klettenberger Strasse 38 A 12524 Berlin Mobil: 0176-22055493 IdNr: 56 883 179 424 Email: info@mikanews.de Verantwortlich f\u00fcr &#8230; <a title=\"Impressum\" class=\"read-more\" href=\"http:\/\/mikanews.net\/?page_id=2\" aria-label=\"Mehr Informationen \u00fcber Impressum\">weiterlesen&#8230;<\/a><\/p>\n","protected":false},"author":1,"featured_media":0,"parent":0,"menu_order":0,"comment_status":"closed","ping_status":"open","template":"","meta":{"ngg_post_thumbnail":0,"generate_page_header":"","jetpack_post_was_ever_published":false,"footnotes":""},"class_list":["post-2","page","type-page","status-publish"],"jetpack_sharing_enabled":true,"jetpack_shortlink":"https:\/\/wp.me\/P7TL9y-2","amp_enabled":true,"_links":{"self":[{"href":"http:\/\/mikanews.net\/index.php?rest_route=\/wp\/v2\/pages\/2","targetHints":{"allow":["GET"]}}],"collection":[{"href":"http:\/\/mikanews.net\/index.php?rest_route=\/wp\/v2\/pages"}],"about":[{"href":"http:\/\/mikanews.net\/index.php?rest_route=\/wp\/v2\/types\/page"}],"author":[{"embeddable":true,"href":"http:\/\/mikanews.net\/index.php?rest_route=\/wp\/v2\/users\/1"}],"replies":[{"embeddable":true,"href":"http:\/\/mikanews.net\/index.php?rest_route=%2Fwp%2Fv2%2Fcomments&post=2"}],"version-history":[{"count":2,"href":"http:\/\/mikanews.net\/index.php?rest_route=\/wp\/v2\/pages\/2\/revisions"}],"predecessor-version":[{"id":6021,"href":"http:\/\/mikanews.net\/index.php?rest_route=\/wp\/v2\/pages\/2\/revisions\/6021"}],"wp:attachment":[{"href":"http:\/\/mikanews.net\/index.php?rest_route=%2Fwp%2Fv2%2Fmedia&parent=2"}],"curies":[{"name":"wp","href":"https:\/\/api.w.org\/{rel}","templated":true}]}}