{"id":9,"date":"2016-01-29T16:19:28","date_gmt":"2016-01-29T15:19:28","guid":{"rendered":"http:\/\/mikanews.net\/rc\/?page_id=9"},"modified":"2016-01-29T16:19:28","modified_gmt":"2016-01-29T15:19:28","slug":"cookies","status":"publish","type":"page","link":"http:\/\/mikanews.net\/?page_id=9","title":{"rendered":"COOKIES"},"content":{"rendered":"<header class=\"entry-header\">\n<h2 class=\"entry-title\">COOKIES<\/h2>\n<\/header>\n<div class=\"entry-content\">\n<p>Cookies<\/p>\n<p>Wir verwenden Cookies, um Inhalte und Anzeigen zu personalisieren, Funktionen f\u00fcr soziale Medien anbieten zu k\u00f6nnen und die Zugriffe auf unsere Website zu analysieren. Au\u00dferdem geben wir Informationen zu Ihrer Nutzung unserer Website an unsere Partner f\u00fcr soziale Medien, Werbung und Analysen weiter.<\/p>\n<p>Cookies (Hinweis App)<\/p>\n<p>Wir verwenden Ger\u00e4tekennungen, um Inhalte und Anzeigen zu personalisieren, Funktionen f\u00fcr soziale Medien anbieten zu k\u00f6nnen und die Zugriffe auf unsere App zu analysieren. Au\u00dferdem geben wir diese Kennungen und andere Informationen \u00fcber Ihr Ger\u00e4t an unsere Partner f\u00fcr soziale Medien, Werbung und Analysen weiter.<\/p>\n<p>Weitere Hinweise zum Datenschutz: <a href=\"http:\/\/mikanews.de\/datenschutz\/\">\u2013hier klicken\u2013<\/a><\/p>\n<p>Oder direkt bei Google:\u00a0<a href=\"http:\/\/www.google.com\/intl\/de\/policies\/privacy\/partners\/\" target=\"_blank\">Verwendung von Cookies bei Google<\/a>\u00a0bzw. \u00a0<a href=\"https:\/\/support.google.com\/adsense\/answer\/2839090?vid=0-635753340383626329-12921130526969018473\" target=\"_blank\">\u2013Mehr Infos\u2013<\/a><\/p>\n<\/div>\n","protected":false},"excerpt":{"rendered":"<p>COOKIES Cookies Wir verwenden Cookies, um Inhalte und Anzeigen zu personalisieren, Funktionen f\u00fcr soziale Medien anbieten zu k\u00f6nnen und die &#8230; <a title=\"COOKIES\" class=\"read-more\" href=\"http:\/\/mikanews.net\/?page_id=9\" aria-label=\"Mehr Informationen \u00fcber COOKIES\">weiterlesen&#8230;<\/a><\/p>\n","protected":false},"author":1,"featured_media":0,"parent":0,"menu_order":0,"comment_status":"closed","ping_status":"closed","template":"","meta":{"ngg_post_thumbnail":0,"generate_page_header":"","jetpack_post_was_ever_published":false,"footnotes":""},"class_list":["post-9","page","type-page","status-publish"],"jetpack_sharing_enabled":true,"jetpack_shortlink":"https:\/\/wp.me\/P7TL9y-9","amp_enabled":true,"_links":{"self":[{"href":"http:\/\/mikanews.net\/index.php?rest_route=\/wp\/v2\/pages\/9","targetHints":{"allow":["GET"]}}],"collection":[{"href":"http:\/\/mikanews.net\/index.php?rest_route=\/wp\/v2\/pages"}],"about":[{"href":"http:\/\/mikanews.net\/index.php?rest_route=\/wp\/v2\/types\/page"}],"author":[{"embeddable":true,"href":"http:\/\/mikanews.net\/index.php?rest_route=\/wp\/v2\/users\/1"}],"replies":[{"embeddable":true,"href":"http:\/\/mikanews.net\/index.php?rest_route=%2Fwp%2Fv2%2Fcomments&post=9"}],"version-history":[{"count":1,"href":"http:\/\/mikanews.net\/index.php?rest_route=\/wp\/v2\/pages\/9\/revisions"}],"predecessor-version":[{"id":10,"href":"http:\/\/mikanews.net\/index.php?rest_route=\/wp\/v2\/pages\/9\/revisions\/10"}],"wp:attachment":[{"href":"http:\/\/mikanews.net\/index.php?rest_route=%2Fwp%2Fv2%2Fmedia&parent=9"}],"curies":[{"name":"wp","href":"https:\/\/api.w.org\/{rel}","templated":true}]}}